pose 3*y + s - 102171 = 0, -2*y - 66*s + 61*s = -68101. What is the units digit of y?
8
Suppose 12*n - 9*n + 5*j = -144, j - 56 = n. Let r = n - -384. What is the tens digit of r?
3
Suppose -4*s = -2*s. Suppose s = 22*r - 26*r + 52. Suppose -o + r = -3*g - g, 0 = 5*o + g - 107. What is the tens digit of o?
2
Suppose 6*l = l + 3*o + 66, -12 = -l + o. Suppose -6*p = -l*p + 36. Suppose -476 + 23 = -3*s - 3*z, -z = p*s - 619. What is the units digit of s?
6
Let s = 820 - 756. Let k = 1238 + s. What is the hundreds digit of k?
3
Let n = 209 - -339. Suppose -n = -582*t + 578*t. What is the tens digit of t?
3
Suppose -2388 = -178*h + 176*h. What is the units digit of h?
4
Let x(q) = 4*q**2 - 46*q + 36. Suppose -53*w + 49*w = -76. Let c be x(w). Suppose -16*h = -13*h - c. What is the tens digit of h?
0
Let z = -41 + 42. Let s(q) = 2*q**3 - 5*q**2 - 3*q - 10. Let g(n) = -n**3 - n**2 - n. Let c(p) = z*s(p) + g(p). What is the units digit of c(7)?
1
Suppose -198 = -14*o + 68. Suppose -o*g + 7288 + 15113 = 0. What is the hundreds digit of g?
1
Let u be 145 + (1 - 1) - -1. Let w be (10/12)/(2/8)*(-306816)/15040. Let g = w + u. What is the units digit of g?
8
Let z be (-6 - -1)*(-14 - (-120)/12). What is the units digit of (331*3)/(5*6/z)?
2
Let h(z) = 221 - 103 - 29*z + 9*z - 155. Suppose 2*l = 6*l + 32. What is the tens digit of h(l)?
2
Suppose -6*n + 0*n - 1002 = 0. Let a = -69 - n. What is the tens digit of a?
9
Let g(q) be the first derivative of 232/3*q**3 + 36 - q - q**2. What is the units digit of g(-1)?
3
Let d be 4828/6 - (-2)/6. Let z = 22302 + -22302. Suppose z = 5*o - 620 - d. What is the hundreds digit of o?
2
Let o = 5219 + -2037. What is the hundreds digit of o?
1
Let w(o) = -2*o**2 + 14*o + 18. Let h be w(8). Suppose i = h*i + 3*n - 152, i - 5*n = 112. What is the tens digit of i?
3
Suppose -4 + 1 = -g - k, -4*k = -4*g + 44. Suppose -2*w = g*w - 621. What is the units digit of w?
9
Let k = -1355 - -1352. Suppose g = 5*v + 19, 2*v + 21 = -v + 3*g. What is the units digit of -3 + (k - v) - -41?
8
Let s be (1*2*-1)/(-35 + 33). Let f be (s - 2) + 22 + 4. What is the tens digit of -3*98/(-5)*f/10?
4
Suppose 1406359 = -570*i + 34494289. What is the tens digit of i?
4
Suppose 42*r - 45*r = -167787. What is the units digit of r?
9
Let i = 31224 - 22165. What is the hundreds digit of i?
0
Suppose 6*y + 53 = -553. Let w = y - -124. Suppose -294 = w*v - 25*v. What is the hundreds digit of v?
1
Let i = -107 + 69. What is the tens digit of 173/9 + i/171?
1
Suppose 0 = 45*z - 50*z + 25. Suppose -3*c + 2*g + 16 - 39 = 0, -z*c + 3*g - 38 = 0. What is the units digit of 342/4 + c/14?
5
Let j(b) = 4851*b - 109. What is the tens digit of j(2)?
9
Suppose -1528201 = -142*y - 2*y - 146809. What is the tens digit of y?
9
Let t = -13389 - -22552. What is the hundreds digit of t?
1
Let j be (12/9)/((-4)/(-3) + -2). Let r be (-3)/j - (-30)/12. Suppose 4*u - r*a - 638 = -u, 0 = 4*u + 3*a - 498. What is the tens digit of u?
2
Let p(t) = -427*t**3 + t - 1. Let r be p(-2). Suppose -y + 689 = w + w, 0 = -5*y - 2*w + r. What is the units digit of y?
1
Suppose -2*h - 5*r = 3*h + 435, h - 3*r + 75 = 0. What is the tens digit of (-2)/2 + 246 - h/(-42)?
4
Suppose 3*g + 3 = 9. Let t be (2/(-4))/(g/(-20)). Suppose -33 = -2*j + t*b, 3*b = -11 - 4. What is the units digit of j?
4
Let k(c) = c**3 + 11*c**2 - 66*c - 303. What is the ten thousands digit of k(33)?
4
Let t(s) = 61*s**2 + 7*s - 7. Let d(p) = -p**3 - 2*p**2 - p - 8. Let j be d(-3). What is the units digit of t(j)?
7
Let m = 190 + -219. Let z(t) = -t**2 - 61*t - 31. What is the hundreds digit of z(m)?
8
Suppose 5*k - 15*k = 40. Let a be -3*(2 + 4 + k). What is the units digit of ((-30)/(-7))/(a/(-42))?
0
Suppose 2*t = 2*x - x + 3, 4*x + 4*t = 48. Let w(p) = 29*p**2 - 55*p + 19. What is the thousands digit of w(x)?
1
Let b = -90 + 235. Let y = -76 + b. Suppose 2*t = t + y. What is the tens digit of t?
6
Suppose 0 = 5*m - 221 - 124. Suppose -k + l = 3*k - m, l - 21 = -k. Suppose 0 = -u + k + 9. What is the tens digit of u?
2
Suppose 81*a = 38281 + 73904. What is the units digit of a?
5
Let u(g) = 621*g + 4907. What is the tens digit of u(-6)?
8
Let l(q) = 232*q**3 - 10*q**2 + 50*q - 125. What is the units digit of l(5)?
5
Let y(p) be the second derivative of -p**5/5 + p**4/12 + p**3/2 + p**2 - p. Suppose 11*t - 4*t = -14. What is the units digit of y(t)?
2
Let y(a) = -174*a**3 - 11*a**2 + 13*a - 5. What is the ten thousands digit of y(-5)?
2
Suppose -t - 41 = -2*b, -3*b + 0*b = t - 59. Suppose -8*n - b = -508. What is the units digit of n?
1
Suppose -5*i = 30, -5*d - 2*i = 5751 - 59834. What is the hundreds digit of d?
8
Suppose -b + 4*b + 9 = -4*q, 12 = -q - 4*b. Suppose q = -r + 3*r - 1358. Suppose -4*v = -11*v + r. What is the units digit of v?
7
Let m(z) be the first derivative of 12*z**2 - 288*z + 17. What is the tens digit of m(43)?
4
Suppose -363 = -4*x + 189. Let v(s) = -s**2 + 5*s + 6. Let t be v(6). Suppose -3*o - 3*m + x = -t*m, 0 = -2*o + 5*m + 85. What is the units digit of o?
5
Suppose 3*m = 10 + 5. Suppose q + 30 = -m*q. Let y(o) = -3*o + 20. What is the tens digit of y(q)?
3
Let j(m) be the second derivative of m**4/3 - 5*m**3/6 - 3*m**2 - 4*m. Let w be j(5). Let c = w - 27. What is the units digit of c?
2
Suppose d - 55438 = 5*b, 52*b - 110904 = -2*d + 55*b. What is the units digit of d?
8
What is the hundreds digit of (28160/2200)/((-1)/(-2110))?
0
Let y(n) = n**3 - 3*n**2 - 11. Let s be y(4). Suppose 2*v + 2*p = 276, 0 = -v - 2*v - s*p + 412. What is the units digit of v?
9
Suppose -45*t = -41*t - 16. Suppose 11*b + 10 = 9*b, 1670 = t*y - 2*b. What is the hundreds digit of y?
4
Let h = 30900 + -20193. What is the thousands digit of h?
0
What is the tens digit of 1219544/14 - (-79)/((-6636)/24)?
1
Let z = -672 + 674. Suppose 10*y = -z*y + 13056. What is the tens digit of y?
8
Let s(f) = -f**3 + f**2 + 3*f - 4. Let v be s(2). Let h = v - -117. What is the hundreds digit of h?
1
Suppose 8 = -0*w + 4*w - 5*r, -4*w - 5*r = -8. Let q be (-3 + 2)*w*(-2 - 300). Suppose -28*t = -24*t - q. What is the hundreds digit of t?
1
Let i(o) = o**3 - 10*o**2 + 3. Let t(f) = -6*f - 38. Let j be t(-8). Let s be i(j). Suppose 0 = -g + 3*z + 2*z + 84, s = z. What is the tens digit of g?
9
Let n = 3405 + -1143. What is the units digit of n?
2
Let x be (0 + -2)/(16/84)*-2. Let d = -16 + x. Suppose d*j - 6*g + 3*g - 14 = 0, 5*j + 7 = -4*g. What is the units digit of j?
1
Suppose -59*b + 66*b = 28. Suppose -18 + 6 = -3*p. Suppose -4*k - 42 = -h + b, 182 = 5*h + p*k. What is the tens digit of h?
3
Let v = -170 - -256. Let n = 497 - v. What is the hundreds digit of n?
4
Suppose -3*d = -7*d, 4*g + 5*d - 12 = 0. Suppose -3*f + 578 = a, 0 = -g*a + 4*a - f - 582. What is the tens digit of a?
8
Let u(f) = -3*f**2 - 3*f + 7096. What is the tens digit of u(0)?
9
Let l(z) = -8*z - 80. Let k(j) = 2*j - 19. Let h be k(-5). What is the hundreds digit of l(h)?
1
Suppose -10*t = -33*t - 115. What is the units digit of -135*18/75*t?
2
Let z = 472 + -528. What is the hundreds digit of (210/z)/(15/(-3740))?
9
Let n(j) = -601*j - 554. What is the thousands digit of n(-13)?
7
Suppose -228*n - 1650 = -218*n. Let j = n - -421. What is the hundreds digit of j?
2
Let d = -18 - -36. Let h(n) = 16*n + d*n**2 - 22 - 41*n**2 + 25*n**2. What is the units digit of h(-13)?
8
Let p = -156 - 250. Let h = p - -652. What is the hundreds digit of h?
2
Let l(g) = 482*g + 12. Let j be l(2). Suppose 5*d = 9*d. Suppose d = 11*k + 140 - j. What is the tens digit of k?
7
Let y(f) = -141*f - 4366. What is the tens digit of y(-89)?
8
Suppose -1078 - 30 = -4*t. Let l = 351 - t. What is the tens digit of l?
7
Suppose -1148*r = -1153*r - x + 200615, -5*r - 4*x = -200600. What is the tens digit of r?
2
Let d be (-13 + -4859)/(-4) + 4*-1. Suppose 1972 + d = 6*p. What is the tens digit of p?
3
Suppose 0 = 7*m + 532 - 6552. What is the tens digit of m?
6
Let o(j) = 6*j**2 - 100*j - 48. What is the hundreds digit of o(33)?
1
Suppose 4*f = f - 3*d + 1686, -5*f + d + 2822 = 0. Suppose 7*n + f = 11*n. What is the hundreds digit of n?
1
Let t = -106 + 110. Suppose o + 26 = 5*w + 2*o, -w = -t*o - 1. Suppose -g - 5*v = -191, 4*v - 933 = -w*g + v. What is the units digit of g?
6
Let 